{"id":262,"date":"2020-12-06T23:09:16","date_gmt":"2020-12-06T22:09:16","guid":{"rendered":"http:\/\/www.zrsocius.com\/?page_id=262"},"modified":"2024-10-31T19:17:11","modified_gmt":"2024-10-31T18:17:11","slug":"externalisation-de-la-paie","status":"publish","type":"page","link":"https:\/\/www.zrsocius.com\/index.php\/externalisation-de-la-paie\/","title":{"rendered":"Externalisation de la paie"},"content":{"rendered":"\n<p><strong>Soyez tranquilles<\/strong>, externalisez votre paie \u00e0 des experts certifi\u00e9s et exp\u00e9riment\u00e9s.  <\/p>\n\n\n\n<p>ZR SOCIUS est un cabinet sp\u00e9cialis\u00e9 dans l&rsquo;externalisation de la paie et des ressources humaines. Forts de notre expertise et de notre exp\u00e9rience, nous accompagnons les entreprises de toutes tailles dans la gestion compl\u00e8te et s\u00e9curis\u00e9e de leur paie, en leur offrant des solutions personnalis\u00e9es et adapt\u00e9es \u00e0 leurs besoins sp\u00e9cifiques.<\/p>\n\n\n\n<div data-wp-interactive=\"core\/file\" class=\"wp-block-file\"><object data-wp-bind--hidden=\"!state.hasPdfPreview\"  class=\"wp-block-file__embed\" data=\"http:\/\/www.zrsocius.com\/wp-content\/uploads\/2024\/10\/PLAQUETTE-ZR-SOCIUS-2.pdf\" type=\"application\/pdf\" style=\"width:100%;height:600px\" aria-label=\"Contenu embarqu\u00e9 PLAQUETTE-ZR-SOCIUS-2.\"><\/object><a id=\"wp-block-file--media-fd549d5b-df79-42a0-aa63-5541491a9808\" href=\"http:\/\/www.zrsocius.com\/wp-content\/uploads\/2024\/10\/PLAQUETTE-ZR-SOCIUS-2.pdf\" target=\"_blank\" rel=\"noreferrer noopener\">PLAQUETTE-ZR-SOCIUS-2<\/a><a href=\"http:\/\/www.zrsocius.com\/wp-content\/uploads\/2024\/10\/PLAQUETTE-ZR-SOCIUS-2.pdf\" class=\"wp-block-file__button wp-element-button\" download aria-describedby=\"wp-block-file--media-fd549d5b-df79-42a0-aa63-5541491a9808\">T\u00e9l\u00e9charger<\/a><\/div>\n\n\n\n<p>Contactez nous, pour en savoir plus et trouver une solution adapt\u00e9e \u00e0 votre entreprise.<\/p>\n","protected":false},"excerpt":{"rendered":"<p>Soyez tranquilles, externalisez votre paie \u00e0 des experts certifi\u00e9s et exp\u00e9riment\u00e9s. ZR SOCIUS est un cabinet sp\u00e9cialis\u00e9 dans l&rsquo;externalisation de la paie et des ressources humaines. Forts de notre expertise et de notre exp\u00e9rience, nous accompagnons les entreprises de toutes tailles dans la gestion compl\u00e8te et s\u00e9curis\u00e9e de leur paie, en leur offrant des solutions [&hellip;]<\/p>\n","protected":false},"author":1,"featured_media":370,"parent":0,"menu_order":0,"comment_status":"closed","ping_status":"closed","template":"","meta":{"footnotes":""},"class_list":["post-262","page","type-page","status-publish","has-post-thumbnail","hentry"],"_links":{"self":[{"href":"https:\/\/www.zrsocius.com\/index.php\/wp-json\/wp\/v2\/pages\/262"}],"collection":[{"href":"https:\/\/www.zrsocius.com\/index.php\/wp-json\/wp\/v2\/pages"}],"about":[{"href":"https:\/\/www.zrsocius.com\/index.php\/wp-json\/wp\/v2\/types\/page"}],"author":[{"embeddable":true,"href":"https:\/\/www.zrsocius.com\/index.php\/wp-json\/wp\/v2\/users\/1"}],"replies":[{"embeddable":true,"href":"https:\/\/www.zrsocius.com\/index.php\/wp-json\/wp\/v2\/comments?post=262"}],"version-history":[{"count":7,"href":"https:\/\/www.zrsocius.com\/index.php\/wp-json\/wp\/v2\/pages\/262\/revisions"}],"predecessor-version":[{"id":356,"href":"https:\/\/www.zrsocius.com\/index.php\/wp-json\/wp\/v2\/pages\/262\/revisions\/356"}],"wp:featuredmedia":[{"embeddable":true,"href":"https:\/\/www.zrsocius.com\/index.php\/wp-json\/wp\/v2\/media\/370"}],"wp:attachment":[{"href":"https:\/\/www.zrsocius.com\/index.php\/wp-json\/wp\/v2\/media?parent=262"}],"curies":[{"name":"wp","href":"https:\/\/api.w.org\/{rel}","templated":true}]}}